{"version":"1.0","provider_name":"AMAG Autoblog","provider_url":"https:\/\/www.amag-group.ch\/blog","author_name":"Bernhard Soltermann","author_url":"https:\/\/www.amag-group.ch\/blog\/author\/bernhard\/","title":"sharoo und AMAG als gemeinsame Mobilit\u00e4tsanbieter | AMAG Autoblog","type":"rich","width":600,"height":338,"html":"<blockquote class=\"wp-embedded-content\" data-secret=\"6lcO37fJM4\"><a href=\"https:\/\/www.amag-group.ch\/blog\/sharoo-und-amag-als-gemeinsame-mobilitaetsanbieter\/\">sharoo und AMAG als gemeinsame Mobilit\u00e4tsanbieter<\/a><\/blockquote><iframe sandbox=\"allow-scripts\" security=\"restricted\" src=\"https:\/\/www.amag-group.ch\/blog\/sharoo-und-amag-als-gemeinsame-mobilitaetsanbieter\/embed\/#?secret=6lcO37fJM4\" width=\"600\" height=\"338\" title=\"&#8222;sharoo und AMAG als gemeinsame Mobilit\u00e4tsanbieter&#8220; &#8211; AMAG Autoblog\" data-secret=\"6lcO37fJM4\" frameborder=\"0\" marginwidth=\"0\" marginheight=\"0\" scrolling=\"no\" class=\"wp-embedded-content\"><\/iframe><script type=\"text\/javascript\">\n\/* <![CDATA[ *\/\n\/*! This file is auto-generated *\/\n!function(d,l){\"use strict\";l.querySelector&&d.addEventListener&&\"undefined\"!=typeof URL&&(d.wp=d.wp||{},d.wp.receiveEmbedMessage||(d.wp.receiveEmbedMessage=function(e){var t=e.data;if((t||t.secret||t.message||t.value)&&!\/[^a-zA-Z0-9]\/.test(t.secret)){for(var s,r,n,a=l.querySelectorAll('iframe[data-secret=\"'+t.secret+'\"]'),o=l.querySelectorAll('blockquote[data-secret=\"'+t.secret+'\"]'),c=new RegExp(\"^https?:$\",\"i\"),i=0;i<o.length;i++)o[i].style.display=\"none\";for(i=0;i<a.length;i++)s=a[i],e.source===s.contentWindow&&(s.removeAttribute(\"style\"),\"height\"===t.message?(1e3<(r=parseInt(t.value,10))?r=1e3:~~r<200&&(r=200),s.height=r):\"link\"===t.message&&(r=new URL(s.getAttribute(\"src\")),n=new URL(t.value),c.test(n.protocol))&&n.host===r.host&&l.activeElement===s&&(d.top.location.href=t.value))}},d.addEventListener(\"message\",d.wp.receiveEmbedMessage,!1),l.addEventListener(\"DOMContentLoaded\",function(){for(var e,t,s=l.querySelectorAll(\"iframe.wp-embedded-content\"),r=0;r<s.length;r++)(t=(e=s[r]).getAttribute(\"data-secret\"))||(t=Math.random().toString(36).substring(2,12),e.src+=\"#?secret=\"+t,e.setAttribute(\"data-secret\",t)),e.contentWindow.postMessage({message:\"ready\",secret:t},\"*\")},!1)))}(window,document);\n\/\/# sourceURL=https:\/\/www.amag-group.ch\/blog\/wp-includes\/js\/wp-embed.min.js\n\/* ]]> *\/\n<\/script>\n","thumbnail_url":"https:\/\/www.amag-group.ch\/blog\/wp-content\/uploads\/2015\/08\/Titel-sharoo_klein.jpg","thumbnail_width":1200,"thumbnail_height":800,"description":"Nicht nur in der Schweiz ver\u00e4ndern sich die Mobilit\u00e4tsbed\u00fcrfnisse und \u2013anspr\u00fcche der Menschen. Heutzutage m\u00f6chte nicht mehr jeder ein eigenes Fahrzeug besitzen, sondern nur dann eines nutzen, wenn er dieses auch wirklich ben\u00f6tigt. Der Trend geht in Richtung neuer Mobilit\u00e4tskonzepte, zu denen beispielsweise die Plattformen Mobility (Pionier und Marktf\u00fchrer) oder eben sharoo geh\u00f6ren. Neben der Migros, Mobiliar und Mobility beteiligt sich neu auch die AMAG an sharoo. Ich, Bernhard Soltermann (Managing Director AMAG Import und Konzernleitungsmitglied) werde zudem einen Sitz im Verwaltungsrat der sharoo AG einnehmen."}

sharoo und AMAG als gemeinsame Mobilitätsanbieter | AMAG Autoblog

<blockquote class="wp-embedded-content" data-secret="6lcO37fJM4"><a href="https://www.amag-group.ch/blog/sharoo-und-amag-als-gemeinsame-mobilitaetsanbieter/">sharoo und AMAG als gemeinsame Mobilitätsanbieter</a></blockquote><iframe sandbox="allow-scripts" security="restricted" src="https://www.amag-group.ch/blog/sharoo-und-amag-als-gemeinsame-mobilitaetsanbieter/embed/#?secret=6lcO37fJM4" width="600" height="338" title="&#8222;sharoo und AMAG als gemeinsame Mobilitätsanbieter&#8220; &#8211; AMAG Autoblog" data-secret="6lcO37fJM4" frameborder="0" marginwidth="0" marginheight="0" scrolling="no" class="wp-embedded-content"></iframe><script type="text/javascript">
/* <![CDATA[ */
/*! This file is auto-generated */
!function(d,l){"use strict";l.querySelector&&d.addEventListener&&"undefined"!=typeof URL&&(d.wp=d.wp||{},d.wp.receiveEmbedMessage||(d.wp.receiveEmbedMessage=function(e){var t=e.data;if((t||t.secret||t.message||t.value)&&!/[^a-zA-Z0-9]/.test(t.secret)){for(var s,r,n,a=l.querySelectorAll('iframe[data-secret="'+t.secret+'"]'),o=l.querySelectorAll('blockquote[data-secret="'+t.secret+'"]'),c=new RegExp("^https?:$","i"),i=0;i<o.length;i++)o[i].style.display="none";for(i=0;i<a.length;i++)s=a[i],e.source===s.contentWindow&&(s.removeAttribute("style"),"height"===t.message?(1e3<(r=parseInt(t.value,10))?r=1e3:~~r<200&&(r=200),s.height=r):"link"===t.message&&(r=new URL(s.getAttribute("src")),n=new URL(t.value),c.test(n.protocol))&&n.host===r.host&&l.activeElement===s&&(d.top.location.href=t.value))}},d.addEventListener("message",d.wp.receiveEmbedMessage,!1),l.addEventListener("DOMContentLoaded",function(){for(var e,t,s=l.querySelectorAll("iframe.wp-embedded-content"),r=0;r<s.length;r++)(t=(e=s[r]).getAttribute("data-secret"))||(t=Math.random().toString(36).substring(2,12),e.src+="#?secret="+t,e.setAttribute("data-secret",t)),e.contentWindow.postMessage({message:"ready",secret:t},"*")},!1)))}(window,document);
//# sourceURL=https://www.amag-group.ch/blog/wp-includes/js/wp-embed.min.js
/* ]]> */
</script>

Nicht nur in der Schweiz verändern sich die Mobilitätsbedürfnisse und –ansprüche der Menschen. Heutzutage möchte nicht mehr jeder ein eigenes Fahrzeug besitzen, sondern nur dann eines nutzen, wenn er dieses auch wirklich benötigt. Der Trend geht in Richtung neuer Mobilitätskonzepte, zu denen beispielsweise die Plattformen Mobility (Pionier und Marktführer) oder eben sharoo gehören. Neben der Migros, Mobiliar und Mobility beteiligt sich neu auch die AMAG an sharoo. Ich, Bernhard Soltermann (Managing Director AMAG Import und Konzernleitungsmitglied) werde zudem einen Sitz im Verwaltungsrat der sharoo AG einnehmen.
