{"version":"1.0","provider_name":"AMAG Autoblog","provider_url":"https:\/\/www.amag-group.ch\/blog","author_name":"AMAG Blog-Team","author_url":"https:\/\/www.amag-group.ch\/blog\/author\/blogteam\/","title":"Mitarbeitende im Fokus: Roman Heggli | AMAG Autoblog","type":"rich","width":600,"height":338,"html":"<blockquote class=\"wp-embedded-content\" data-secret=\"nQCxzQsdqX\"><a href=\"https:\/\/www.amag-group.ch\/blog\/mitarbeitende-im-fokus-roman-heggli\/\">Mitarbeitende im Fokus: Roman Heggli<\/a><\/blockquote><iframe sandbox=\"allow-scripts\" security=\"restricted\" src=\"https:\/\/www.amag-group.ch\/blog\/mitarbeitende-im-fokus-roman-heggli\/embed\/#?secret=nQCxzQsdqX\" width=\"600\" height=\"338\" title=\"&#8222;Mitarbeitende im Fokus: Roman Heggli&#8220; &#8211; AMAG Autoblog\" data-secret=\"nQCxzQsdqX\" frameborder=\"0\" marginwidth=\"0\" marginheight=\"0\" scrolling=\"no\" class=\"wp-embedded-content\"><\/iframe><script type=\"text\/javascript\">\n\/* <![CDATA[ *\/\n\/*! This file is auto-generated *\/\n!function(d,l){\"use strict\";l.querySelector&&d.addEventListener&&\"undefined\"!=typeof URL&&(d.wp=d.wp||{},d.wp.receiveEmbedMessage||(d.wp.receiveEmbedMessage=function(e){var t=e.data;if((t||t.secret||t.message||t.value)&&!\/[^a-zA-Z0-9]\/.test(t.secret)){for(var s,r,n,a=l.querySelectorAll('iframe[data-secret=\"'+t.secret+'\"]'),o=l.querySelectorAll('blockquote[data-secret=\"'+t.secret+'\"]'),c=new RegExp(\"^https?:$\",\"i\"),i=0;i<o.length;i++)o[i].style.display=\"none\";for(i=0;i<a.length;i++)s=a[i],e.source===s.contentWindow&&(s.removeAttribute(\"style\"),\"height\"===t.message?(1e3<(r=parseInt(t.value,10))?r=1e3:~~r<200&&(r=200),s.height=r):\"link\"===t.message&&(r=new URL(s.getAttribute(\"src\")),n=new URL(t.value),c.test(n.protocol))&&n.host===r.host&&l.activeElement===s&&(d.top.location.href=t.value))}},d.addEventListener(\"message\",d.wp.receiveEmbedMessage,!1),l.addEventListener(\"DOMContentLoaded\",function(){for(var e,t,s=l.querySelectorAll(\"iframe.wp-embedded-content\"),r=0;r<s.length;r++)(t=(e=s[r]).getAttribute(\"data-secret\"))||(t=Math.random().toString(36).substring(2,12),e.src+=\"#?secret=\"+t,e.setAttribute(\"data-secret\",t)),e.contentWindow.postMessage({message:\"ready\",secret:t},\"*\")},!1)))}(window,document);\n\/\/# sourceURL=https:\/\/www.amag-group.ch\/blog\/wp-includes\/js\/wp-embed.min.js\n\/* ]]> *\/\n<\/script>\n","thumbnail_url":"https:\/\/www.amag-group.ch\/blog\/wp-content\/uploads\/2015\/08\/RH2-hell.jpg","thumbnail_width":1200,"thumbnail_height":864,"description":"Heute erz\u00e4hlt uns Roman Heggli, Regionen-Administrator, im Interview von seiner T\u00e4tigkeit bei der AMAG. Der Autoliebhaber arbeitet bereits seit mehr als 30 Jahren bei der AMAG und beh\u00e4lt stets den \u00dcberblick \u00fcber die Finanzen der Retailbetriebe, f\u00fcr die er zust\u00e4ndig ist. Welche spannenden Aufgaben zu seinem Job z\u00e4hlen und welchen Ausgleich er zu seinem Beruf hat, erz\u00e4hlt er im Interview."}

Heute erzählt uns Roman Heggli, Regionen-Administrator, im Interview von seiner Tätigkeit bei der AMAG. Der Autoliebhaber arbeitet bereits seit mehr als 30 Jahren bei der AMAG und behält stets den Überblick über die Finanzen der Retailbetriebe, für die er zuständig ist. Welche spannenden Aufgaben zu seinem Job zählen und welchen Ausgleich er zu seinem Beruf hat, erzählt er im Interview.
