{"version":"1.0","provider_name":"AMAG Autoblog","provider_url":"https:\/\/www.amag-group.ch\/blog","author_name":"Sandra Zippo","author_url":"https:\/\/www.amag-group.ch\/blog\/author\/sandra\/","title":"Mitarbeitende im Fokus: Charles Aeby | AMAG Autoblog","type":"rich","width":600,"height":338,"html":"<blockquote class=\"wp-embedded-content\" data-secret=\"fs21QHQYnH\"><a href=\"https:\/\/www.amag-group.ch\/blog\/mitarbeitende-im-fokus-charles-aeby\/\">Mitarbeitende im Fokus: Charles Aeby<\/a><\/blockquote><iframe sandbox=\"allow-scripts\" security=\"restricted\" src=\"https:\/\/www.amag-group.ch\/blog\/mitarbeitende-im-fokus-charles-aeby\/embed\/#?secret=fs21QHQYnH\" width=\"600\" height=\"338\" title=\"&#8222;Mitarbeitende im Fokus: Charles Aeby&#8220; &#8211; AMAG Autoblog\" data-secret=\"fs21QHQYnH\" frameborder=\"0\" marginwidth=\"0\" marginheight=\"0\" scrolling=\"no\" class=\"wp-embedded-content\"><\/iframe><script type=\"text\/javascript\">\n\/* <![CDATA[ *\/\n\/*! This file is auto-generated *\/\n!function(d,l){\"use strict\";l.querySelector&&d.addEventListener&&\"undefined\"!=typeof URL&&(d.wp=d.wp||{},d.wp.receiveEmbedMessage||(d.wp.receiveEmbedMessage=function(e){var t=e.data;if((t||t.secret||t.message||t.value)&&!\/[^a-zA-Z0-9]\/.test(t.secret)){for(var s,r,n,a=l.querySelectorAll('iframe[data-secret=\"'+t.secret+'\"]'),o=l.querySelectorAll('blockquote[data-secret=\"'+t.secret+'\"]'),c=new RegExp(\"^https?:$\",\"i\"),i=0;i<o.length;i++)o[i].style.display=\"none\";for(i=0;i<a.length;i++)s=a[i],e.source===s.contentWindow&&(s.removeAttribute(\"style\"),\"height\"===t.message?(1e3<(r=parseInt(t.value,10))?r=1e3:~~r<200&&(r=200),s.height=r):\"link\"===t.message&&(r=new URL(s.getAttribute(\"src\")),n=new URL(t.value),c.test(n.protocol))&&n.host===r.host&&l.activeElement===s&&(d.top.location.href=t.value))}},d.addEventListener(\"message\",d.wp.receiveEmbedMessage,!1),l.addEventListener(\"DOMContentLoaded\",function(){for(var e,t,s=l.querySelectorAll(\"iframe.wp-embedded-content\"),r=0;r<s.length;r++)(t=(e=s[r]).getAttribute(\"data-secret\"))||(t=Math.random().toString(36).substring(2,12),e.src+=\"#?secret=\"+t,e.setAttribute(\"data-secret\",t)),e.contentWindow.postMessage({message:\"ready\",secret:t},\"*\")},!1)))}(window,document);\n\/\/# sourceURL=https:\/\/www.amag-group.ch\/blog\/wp-includes\/js\/wp-embed.min.js\n\/* ]]> *\/\n<\/script>\n","thumbnail_url":"https:\/\/www.amag-group.ch\/blog\/wp-content\/uploads\/2019\/11\/Charles-Aeby-Teaserbild.jpg","thumbnail_width":1920,"thumbnail_height":1280,"description":"Charles Aeby ist seit anfangs August 2015 bei der AMAG dabei und als Vertriebsverbundleiter des Kantons Waadt f\u00fcr mehrere Betriebe verantwortlich. Welche Aufgaben der ehemalige Lehrer tagt\u00e4glich zu bew\u00e4ltigen hat und wie sich diese alle zwei Minuten \u00e4ndern, erz\u00e4hlt er im folgenden Interview."}

Charles Aeby ist seit anfangs August 2015 bei der AMAG dabei und als Vertriebsverbundleiter des Kantons Waadt für mehrere Betriebe verantwortlich. Welche Aufgaben der ehemalige Lehrer tagtäglich zu bewältigen hat und wie sich diese alle zwei Minuten ändern, erzählt er im folgenden Interview.
