{"version":"1.0","provider_name":"AMAG Autoblog","provider_url":"https:\/\/www.amag-group.ch\/blog\/it\/","author_name":"Sandra Zippo","author_url":"https:\/\/www.amag-group.ch\/blog\/it\/author\/sandra\/","title":"L\u2019innovazione mette al centro le persone | AMAG Autoblog","type":"rich","width":600,"height":338,"html":"<blockquote class=\"wp-embedded-content\" data-secret=\"xKSo0Syha3\"><a href=\"https:\/\/www.amag-group.ch\/blog\/it\/linnovazione-mette-al-centro-le-persone\/\">L\u2019innovazione mette al centro le persone<\/a><\/blockquote><iframe sandbox=\"allow-scripts\" security=\"restricted\" src=\"https:\/\/www.amag-group.ch\/blog\/it\/linnovazione-mette-al-centro-le-persone\/embed\/#?secret=xKSo0Syha3\" width=\"600\" height=\"338\" title=\"&#8220;L\u2019innovazione mette al centro le persone&#8221; &#8212; AMAG Autoblog\" data-secret=\"xKSo0Syha3\" frameborder=\"0\" marginwidth=\"0\" marginheight=\"0\" scrolling=\"no\" class=\"wp-embedded-content\"><\/iframe><script type=\"text\/javascript\">\n\/* <![CDATA[ *\/\n\/*! This file is auto-generated *\/\n!function(d,l){\"use strict\";l.querySelector&&d.addEventListener&&\"undefined\"!=typeof URL&&(d.wp=d.wp||{},d.wp.receiveEmbedMessage||(d.wp.receiveEmbedMessage=function(e){var t=e.data;if((t||t.secret||t.message||t.value)&&!\/[^a-zA-Z0-9]\/.test(t.secret)){for(var s,r,n,a=l.querySelectorAll('iframe[data-secret=\"'+t.secret+'\"]'),o=l.querySelectorAll('blockquote[data-secret=\"'+t.secret+'\"]'),c=new RegExp(\"^https?:$\",\"i\"),i=0;i<o.length;i++)o[i].style.display=\"none\";for(i=0;i<a.length;i++)s=a[i],e.source===s.contentWindow&&(s.removeAttribute(\"style\"),\"height\"===t.message?(1e3<(r=parseInt(t.value,10))?r=1e3:~~r<200&&(r=200),s.height=r):\"link\"===t.message&&(r=new URL(s.getAttribute(\"src\")),n=new URL(t.value),c.test(n.protocol))&&n.host===r.host&&l.activeElement===s&&(d.top.location.href=t.value))}},d.addEventListener(\"message\",d.wp.receiveEmbedMessage,!1),l.addEventListener(\"DOMContentLoaded\",function(){for(var e,t,s=l.querySelectorAll(\"iframe.wp-embedded-content\"),r=0;r<s.length;r++)(t=(e=s[r]).getAttribute(\"data-secret\"))||(t=Math.random().toString(36).substring(2,12),e.src+=\"#?secret=\"+t,e.setAttribute(\"data-secret\",t)),e.contentWindow.postMessage({message:\"ready\",secret:t},\"*\")},!1)))}(window,document);\n\/\/# sourceURL=https:\/\/www.amag-group.ch\/blog\/wp-includes\/js\/wp-embed.min.js\n\/* ]]> *\/\n<\/script>\n","thumbnail_url":"https:\/\/www.amag-group.ch\/blog\/wp-content\/uploads\/2019\/03\/AIF-Schaffhausen-Teaser.jpg","thumbnail_width":3648,"thumbnail_height":2432,"description":"Oggi circa 3,4 miliardi di persone utilizzano internet, ovvero il 55,1% della popolazione mondiale, e la tendenza \u00e8 in aumento. Per le aziende, quindi, \u00e8 ancora pi\u00f9 importante avere una presenza digitale. Secondo Patrick Warnking, Country Director di Google Switzerland, la digitalizzazione offre sia opportunit\u00e0 che rischi. In occasione della Colazione AMAG Impuls presso il centro AMAG di Sciaffusa, il responsabile di Google ha illustrato quali temi digitali saranno rilevanti per la societ\u00e0 in futuro e come affrontarli come azienda."}

Oggi circa 3,4 miliardi di persone utilizzano internet, ovvero il 55,1% della popolazione mondiale, e la tendenza è in aumento. Per le aziende, quindi, è ancora più importante avere una presenza digitale. Secondo Patrick Warnking, Country Director di Google Switzerland, la digitalizzazione offre sia opportunità che rischi. In occasione della Colazione AMAG Impuls presso il centro AMAG di Sciaffusa, il responsabile di Google ha illustrato quali temi digitali saranno rilevanti per la società in futuro e come affrontarli come azienda.
