{"version":"1.0","provider_name":"AMAG Autoblog","provider_url":"https:\/\/www.amag-group.ch\/blog\/fr\/","author_name":"Sandra Zippo","author_url":"https:\/\/www.amag-group.ch\/blog\/fr\/author\/sandra\/","title":"L\u2019\u00e9t\u00e9: saison de la gr\u00eale | AMAG Autoblog","type":"rich","width":600,"height":338,"html":"<blockquote class=\"wp-embedded-content\" data-secret=\"ccUXOpBfXF\"><a href=\"https:\/\/www.amag-group.ch\/blog\/fr\/lete-saison-de-la-grele\/\">L\u2019\u00e9t\u00e9: saison de la gr\u00eale<\/a><\/blockquote><iframe sandbox=\"allow-scripts\" security=\"restricted\" src=\"https:\/\/www.amag-group.ch\/blog\/fr\/lete-saison-de-la-grele\/embed\/#?secret=ccUXOpBfXF\" width=\"600\" height=\"338\" title=\"\u00ab\u00a0L\u2019\u00e9t\u00e9: saison de la gr\u00eale\u00a0\u00bb &#8212; AMAG Autoblog\" data-secret=\"ccUXOpBfXF\" frameborder=\"0\" marginwidth=\"0\" marginheight=\"0\" scrolling=\"no\" class=\"wp-embedded-content\"><\/iframe><script type=\"text\/javascript\">\n\/* <![CDATA[ *\/\n\/*! This file is auto-generated *\/\n!function(d,l){\"use strict\";l.querySelector&&d.addEventListener&&\"undefined\"!=typeof URL&&(d.wp=d.wp||{},d.wp.receiveEmbedMessage||(d.wp.receiveEmbedMessage=function(e){var t=e.data;if((t||t.secret||t.message||t.value)&&!\/[^a-zA-Z0-9]\/.test(t.secret)){for(var s,r,n,a=l.querySelectorAll('iframe[data-secret=\"'+t.secret+'\"]'),o=l.querySelectorAll('blockquote[data-secret=\"'+t.secret+'\"]'),c=new RegExp(\"^https?:$\",\"i\"),i=0;i<o.length;i++)o[i].style.display=\"none\";for(i=0;i<a.length;i++)s=a[i],e.source===s.contentWindow&&(s.removeAttribute(\"style\"),\"height\"===t.message?(1e3<(r=parseInt(t.value,10))?r=1e3:~~r<200&&(r=200),s.height=r):\"link\"===t.message&&(r=new URL(s.getAttribute(\"src\")),n=new URL(t.value),c.test(n.protocol))&&n.host===r.host&&l.activeElement===s&&(d.top.location.href=t.value))}},d.addEventListener(\"message\",d.wp.receiveEmbedMessage,!1),l.addEventListener(\"DOMContentLoaded\",function(){for(var e,t,s=l.querySelectorAll(\"iframe.wp-embedded-content\"),r=0;r<s.length;r++)(t=(e=s[r]).getAttribute(\"data-secret\"))||(t=Math.random().toString(36).substring(2,12),e.src+=\"#?secret=\"+t,e.setAttribute(\"data-secret\",t)),e.contentWindow.postMessage({message:\"ready\",secret:t},\"*\")},!1)))}(window,document);\n\/\/# sourceURL=https:\/\/www.amag-group.ch\/blog\/wp-includes\/js\/wp-embed.min.js\n\/* ]]> *\/\n<\/script>\n","thumbnail_url":"https:\/\/www.amag-group.ch\/blog\/wp-content\/uploads\/2017\/07\/AMAG_Werkstatt_2013_01.jpg","thumbnail_width":2000,"thumbnail_height":1331,"description":"Les dommages caus\u00e9s par la gr\u00eale g\u00e9n\u00e8rent des co\u00fbts et du stress. Afin d\u2019\u00e9viter qu\u2019un v\u00e9hicule ne perde de la valeur, les bosses dues \u00e0 la gr\u00eale sont \u00e9limin\u00e9es rapidement et sans difficult\u00e9 par les sp\u00e9cialistes d\u2019AMAG."}

L’été: saison de la grêle | AMAG Autoblog

<blockquote class="wp-embedded-content" data-secret="ccUXOpBfXF"><a href="https://www.amag-group.ch/blog/fr/lete-saison-de-la-grele/">L’été: saison de la grêle</a></blockquote><iframe sandbox="allow-scripts" security="restricted" src="https://www.amag-group.ch/blog/fr/lete-saison-de-la-grele/embed/#?secret=ccUXOpBfXF" width="600" height="338" title="« L’été: saison de la grêle » &#8212; AMAG Autoblog" data-secret="ccUXOpBfXF" frameborder="0" marginwidth="0" marginheight="0" scrolling="no" class="wp-embedded-content"></iframe><script type="text/javascript">
/* <![CDATA[ */
/*! This file is auto-generated */
!function(d,l){"use strict";l.querySelector&&d.addEventListener&&"undefined"!=typeof URL&&(d.wp=d.wp||{},d.wp.receiveEmbedMessage||(d.wp.receiveEmbedMessage=function(e){var t=e.data;if((t||t.secret||t.message||t.value)&&!/[^a-zA-Z0-9]/.test(t.secret)){for(var s,r,n,a=l.querySelectorAll('iframe[data-secret="'+t.secret+'"]'),o=l.querySelectorAll('blockquote[data-secret="'+t.secret+'"]'),c=new RegExp("^https?:$","i"),i=0;i<o.length;i++)o[i].style.display="none";for(i=0;i<a.length;i++)s=a[i],e.source===s.contentWindow&&(s.removeAttribute("style"),"height"===t.message?(1e3<(r=parseInt(t.value,10))?r=1e3:~~r<200&&(r=200),s.height=r):"link"===t.message&&(r=new URL(s.getAttribute("src")),n=new URL(t.value),c.test(n.protocol))&&n.host===r.host&&l.activeElement===s&&(d.top.location.href=t.value))}},d.addEventListener("message",d.wp.receiveEmbedMessage,!1),l.addEventListener("DOMContentLoaded",function(){for(var e,t,s=l.querySelectorAll("iframe.wp-embedded-content"),r=0;r<s.length;r++)(t=(e=s[r]).getAttribute("data-secret"))||(t=Math.random().toString(36).substring(2,12),e.src+="#?secret="+t,e.setAttribute("data-secret",t)),e.contentWindow.postMessage({message:"ready",secret:t},"*")},!1)))}(window,document);
//# sourceURL=https://www.amag-group.ch/blog/wp-includes/js/wp-embed.min.js
/* ]]> */
</script>

Les dommages causés par la grêle génèrent des coûts et du stress. Afin d’éviter qu’un véhicule ne perde de la valeur, les bosses dues à la grêle sont éliminées rapidement et sans difficulté par les spécialistes d’AMAG.
