{"version":"1.0","provider_name":"AMAG Autoblog","provider_url":"https:\/\/www.amag-group.ch\/blog\/fr\/","author_name":"AMAG Blog-Team","author_url":"https:\/\/www.amag-group.ch\/blog\/fr\/author\/blogteam\/","title":"Avec autoSense vers la \u00abConnected Car\u00bb | AMAG Autoblog","type":"rich","width":600,"height":338,"html":"<blockquote class=\"wp-embedded-content\" data-secret=\"3ephcLBNs7\"><a href=\"https:\/\/www.amag-group.ch\/blog\/fr\/avec-autosense-vers-la-connected-car\/\">Avec autoSense vers la \u00abConnected Car\u00bb<\/a><\/blockquote><iframe sandbox=\"allow-scripts\" security=\"restricted\" src=\"https:\/\/www.amag-group.ch\/blog\/fr\/avec-autosense-vers-la-connected-car\/embed\/#?secret=3ephcLBNs7\" width=\"600\" height=\"338\" title=\"\u00ab\u00a0Avec autoSense vers la \u00abConnected Car\u00bb\u00a0\u00bb &#8212; AMAG Autoblog\" data-secret=\"3ephcLBNs7\" frameborder=\"0\" marginwidth=\"0\" marginheight=\"0\" scrolling=\"no\" class=\"wp-embedded-content\"><\/iframe><script type=\"text\/javascript\">\n\/* <![CDATA[ *\/\n\/*! This file is auto-generated *\/\n!function(d,l){\"use strict\";l.querySelector&&d.addEventListener&&\"undefined\"!=typeof URL&&(d.wp=d.wp||{},d.wp.receiveEmbedMessage||(d.wp.receiveEmbedMessage=function(e){var t=e.data;if((t||t.secret||t.message||t.value)&&!\/[^a-zA-Z0-9]\/.test(t.secret)){for(var s,r,n,a=l.querySelectorAll('iframe[data-secret=\"'+t.secret+'\"]'),o=l.querySelectorAll('blockquote[data-secret=\"'+t.secret+'\"]'),c=new RegExp(\"^https?:$\",\"i\"),i=0;i<o.length;i++)o[i].style.display=\"none\";for(i=0;i<a.length;i++)s=a[i],e.source===s.contentWindow&&(s.removeAttribute(\"style\"),\"height\"===t.message?(1e3<(r=parseInt(t.value,10))?r=1e3:~~r<200&&(r=200),s.height=r):\"link\"===t.message&&(r=new URL(s.getAttribute(\"src\")),n=new URL(t.value),c.test(n.protocol))&&n.host===r.host&&l.activeElement===s&&(d.top.location.href=t.value))}},d.addEventListener(\"message\",d.wp.receiveEmbedMessage,!1),l.addEventListener(\"DOMContentLoaded\",function(){for(var e,t,s=l.querySelectorAll(\"iframe.wp-embedded-content\"),r=0;r<s.length;r++)(t=(e=s[r]).getAttribute(\"data-secret\"))||(t=Math.random().toString(36).substring(2,12),e.src+=\"#?secret=\"+t,e.setAttribute(\"data-secret\",t)),e.contentWindow.postMessage({message:\"ready\",secret:t},\"*\")},!1)))}(window,document);\n\/\/# sourceURL=https:\/\/www.amag-group.ch\/blog\/wp-includes\/js\/wp-embed.min.js\n\/* ]]> *\/\n<\/script>\n","thumbnail_url":"https:\/\/www.amag-group.ch\/blog\/wp-content\/uploads\/2018\/09\/shutterstock_531882037.jpg","thumbnail_width":5760,"thumbnail_height":3840,"description":"autoSense transmet de pr\u00e9cieuses informations \u00e0 votre application pour smartphone via un adaptateur. Int\u00e9grez facilement des prestations suppl\u00e9mentaires et transformez votre v\u00e9hicule en une voiture connect\u00e9e. AMAG participe \u00e0 la joint venture \u00e0 hauteur de 50 %."}

autoSense transmet de précieuses informations à votre application pour smartphone via un adaptateur. Intégrez facilement des prestations supplémentaires et transformez votre véhicule en une voiture connectée. AMAG participe à la joint venture à hauteur de 50 %.
